f u(h). Is w(-3) a composite number?
False
Suppose 4*l - 622 = 2*g + 3*g, -3*g - 626 = -4*l. Suppose -3 - l = -x. Is x a composite number?
True
Let s = -142 - 65. Let m = 16 - s. Is m a composite number?
False
Suppose -a = 4*o - 3409, -o + 3*a = -607 - 229. Is o composite?
True
Suppose -1942 = -4*t + 1998. Is t prime?
False
Let z = 2694 + -365. Is z prime?
False
Suppose 6*r + 8 = 3*r + m, -r - 3*m = -14. Let z = 0 - r. Is (z + 2)/(5/35) prime?
False
Let v = -321 + 71. Let m = v - -501. Is (m/(-3))/(2/(-6)) prime?
True
Let q(u) = 100*u**2 - 35*u + 196. Is q(5) composite?
False
Let g(i) = i**3 - 6*i**2 - i + 12. Let f be g(6). Suppose 0 = -f*z + z. Suppose -2*r - 19 = -d - z, -19 = -d - 4*r. Is d a prime number?
True
Is ((-69594)/210)/(2/(-10)) a prime number?
True
Is 988196/20 + 32/(-40) composite?
False
Is (14/(-4))/((-22)/217844) prime?
False
Let w = 23 + -13. Let t be (2 + -64)/(w/(-25)). Let m = t - 42. Is m prime?
True
Suppose -n + 200 = -3*n - 5*k, -4*n - 460 = -5*k. Let i = n + 333. Is i composite?
False
Suppose 5*v = 4*v - 637. Is (-1 - (1 + v)) + -4 a prime number?
True
Suppose -16 = -4*y - 0*y. Suppose -2*f - y*f + 3318 = 0. Is f prime?
False
Suppose -3*z - 48933 = -6*z. Suppose -z = -4*i + 469. Is i composite?
True
Let z(o) = 9*o**2 - 3*o - 33. Is z(-27) a composite number?
True
Suppose 2*x - 4*g + 3 = 1, 5*x + 2*g = 31. Suppose -2*c - 443 = -0*n - n, x*n = 5*c + 2220. Is n a prime number?
False
Suppose -p - q + 1 = -1, 0 = -2*p + 4*q + 4. Suppose 789 = p*f + f. Is f a prime number?
True
Let b be ((-4)/8)/(5/(-330)). Is -223*(-21 + 0)*11/b a prime number?
False
Is 0 + (-4)/20 + (-1051416)/(-30) prime?
False
Suppose -13*w + 237537 = -16184. Is w a prime number?
False
Suppose -2*f + 5*i + 53 = 0, -22 = 2*f - 3*f + i. Suppose 15 = 5*c - 2*s - f, 0 = 4*c + 3*s - 18. Suppose 5*n - c*n = -134. Is n prime?
False
Let g = -2 - -5. Suppose -3272 = -5*o + g*i, -o = 4*i - 380 - 256. Suppose -o = -0*a - 4*a. Is a a composite number?
False
Let u be ((-6)/(-18))/((-2)/(-24)). Suppose 28 = -4*q - u. Let n(o) = o**3 + 13*o**2 + 2*o - 11. Is n(q) composite?
False
Suppose 0 = -q + 3 - 1. Suppose -q*t = 3*g + g - 18, -g + 2*t = -7. Suppose 0 = -g*n + 3*n + 582. Is n composite?
True
Suppose 5*g - 1321 = -4*x, -13 = -2*x - 5. Suppose -6*t - g = -7*t. Suppose y - 3*k - 64 = 0, 5*y + 1 - t = -5*k. Is y prime?
False
Let i = 5215 - 1356. Is i a prime number?
False
Let y(z) = z**2 - 3*z + 11. Let v be (-1)/7 + 83/(-7). Is y(v) prime?
True
Is 163810/15*(-2)/8*-6 composite?
False
Let c(i) = i**3 + 8*i**2 + 7*i + 3. Let o be c(-7). Suppose 0 = 5*z - o*z + 3*h - 1258, -639 = -z + h. Is z prime?
False
Suppose -39*h + 102350 + 59305 = 0. Is h composite?
True
Let v be 8134/2 - (1 - -1). Let j be v/12 - (-3)/(-4). Suppose -669 = -4*c - u, 4*u = 4*c - 6*c + j. Is c prime?
True
Let c(t) = -t**2 - 9*t - 18. Let w be c(-6). Is 801 + (w - (4 - 2)) a prime number?
False
Let b = 11926 + -5045. Is b composite?
True
Let t = 1349 - -3512. Is t a composite number?
False
Let l(y) = 86*y**2 - 26*y + 179. Is l(6) prime?
True
Suppose 3*u - 1329 = 7956. Is u a composite number?
True
Let r = -3055 - -6258. Is r composite?
False
Let d(y) be the third derivative of -y**5/60 - y**4/3 + y**3/2 - 2*y**2. Let t be d(-8). Let g(k) = 69*k**2 + 5*k - 5. Is g(t) a prime number?
True
Suppose -6*l = -7*l + 6. Suppose l*u - 2348 = 2*u. Is u a composite number?
False
Let d(s) = -3*s + 11. Let v be d(-16). Let p be v/2 - (-5)/(-10). Let i = p - -6. Is i prime?
False
Let g(z) = 30*z**2 - 72*z - 13. Is g(45) composite?
True
Is -6 + 144164/16 + (-6)/(-8) a prime number?
False
Let k be 24 + -14 - (5 + 0). Suppose 3*s - 3*l = 15, -l = 4*l + 5. Suppose k*p - 233 = -s*y, 2*y - p = 125 - 12. Is y composite?
True
Let k be 2/(-4)*(2 + -2). Suppose k = -4*i + 3*i + 133. Is i a composite number?
True
Suppose 6*w = 10*w - 8. Suppose -3*c + 219 = -w*c. Is -2*c/(-6) - -4 composite?
True
Suppose -9*x - 4 = -29101. Is x prime?
False
Let l be (2 + 6 - 0)*1. Let p = l - -11. Let j = 50 - p. Is j a composite number?
False
Let v = 41474 - 23067. Is v a composite number?
True
Suppose -5*y + 880 = -795. Suppose 54*a - y = 49*a. Is a a prime number?
True
Let r(s) = 3*s + 2. Let y be r(-1). Let f(g) = 79*g**2 - g - 1. Is f(y) composite?
False
Let f(y) = -74*y - 3. Let b be f(-5). Suppose -l + 102 = -b. Is l composite?
True
Let w be (-24)/(-40) + (-7)/(-5). Suppose -4189 = -w*l - 515. Is l composite?
True
Let j = 777 + -405. Suppose -2*q + 2702 = -j. Is q prime?
False
Suppose 36*t - 18074 = 34*t. Is t composite?
True
Let y(b) = -148*b - 3. Let u be y(-4). Let i be -1 + u - (-6)/6. Suppose -i = -4*g - 17. Is g composite?
True
Suppose 52*f - 62*f = -94070. Is f prime?
False
Suppose -5 = -q - 1, -494 = -5*i - q. Suppose i = 5*k - 472. Suppose c - 89 = k. Is c prime?
False
Suppose -i = 4*q - 5 - 18, -2*q - i = -13. Suppose q*v = -3*r + 23, 6 = 4*v + 5*r - 15. Suppose o = v*o - 633. Is o a prime number?
True
Suppose 220 = 5*o - 7*o. Is 11/o + 7782/20 prime?
True
Suppose 2*a + 13*v - 14*v = 10529, 0 = -4*v - 12. Is a prime?
False
Let f(h) = -21*h - 1. Let u be f(-1). Suppose r = 5*r - u. Suppose 0 = 4*s + 5*j - 455, 2*j + 37 = r*s - 540. Is s prime?
False
Let n(z) = -z**2 - 5*z + 12. Let v be n(-7). Is 339/3*(3 + v) prime?
True
Let s(u) = 10*u**3 - u + 83. Is s(8) prime?
False
Let q(u) = -10*u - 4 - 7*u - 4. Let j be ((-4)/16*14*4)/2. Is q(j) composite?
True
Let r = -5 - -6. Let b be r/(-3)*(2 + -2). Suppose b = 2*s - 0*s - 1082. Is s prime?
True
Is 960 + (3 - 1) + -3 - 4 composite?
True
Let p(c) = c**2 - 8*c + 19. Let u be p(6). Suppose -x + 3*h = -1910, -3*x = -u*x - 3*h + 7595. Is x a prime number?
True
Suppose -3*w = -6*w - 4*s + 38, -32 = -2*w + 4*s. Suppose 2*q + 10 + 2 = 4*i, -2*q + 2*i = w. Is 2422/8 - 2/q a composite number?
True
Suppose 0 = -4*u - f + 34194, 0 = -3*f - 5 - 1. Is u prime?
False
Suppose 3*b = 11238 - 1071. Is b a prime number?
True
Suppose -a - 13498 = -2*d - 2*a, 0 = -4*d - a + 26996. Is d prime?
False
Let s(l) = 17*l + 27361. Is s(0) composite?
False
Let b(g) = 13*g**3 - 4*g**2 + 2*g - 2. Let f be b(-5). Let k be f/(-63) + 6/14. Let p = k + 189. Is p prime?
False
Let r(y) = -657*y - 63. Let f(h) = 41*h + 4. Let u(m) = 33*f(m) + 2*r(m). Is u(5) composite?
True
Is (-314226)/(-90) + 6/(-15) a prime number?
True
Suppose -3468 = -3*l - 5*m, -2*m + 2314 = 2*l + 2*m. Is l a prime number?
True
Let q(f) = 279*f + 31. Let z be q(4). Let i(y) = 672*y - 4. Let b be i(3). Let w = b - z. Is w prime?
False
Let m = -2 + -2. Let g be ((-1)/m)/((-1)/(-4)). Is g/(-1 - (-218)/217) prime?
False
Let t(j) = 27*j + 31. Let b be t(9). Let z = 647 - b. Is z a prime number?
True
Let n be -94 + (-7 - -4) + -3. Let a = 431 + n. Is a prime?
True
Let s(b) be the second derivative of b**3 + b**2/2 + 7*b. Is s(3) a composite number?
False
Let n(b) = 11*b**2 + 28*b + 34. Let v(j) = 6*j**2 + 14*j + 17. Let a(t) = 3*n(t) - 5*v(t). Is a(-8) a prime number?
True
Let v(f) = -500*f - 513. Is v(-8) prime?
False
Suppose 3*j - 1877 = -5*f - j, -4*f + 2*j + 1486 = 0. Let z = f + -56. Is z composite?
False
Let l be ((-676)/(-8))/(2/12). Suppose -l = -2*g + 2*p + 341, 3*g - 1242 = -3*p. Is g a composite number?
False
Let p(o) = o**2 + 3*o - 1. Let w(f) = -f - 2. Let g be w(2). Let r be p(g). Suppose -r*i = i - 1036. Is i composite?
True
Let k = 78552 - 42515. Is k prime?
True
Suppose u + 4 = -3*y + 15, u - 5 = -y. Suppose 0 = l - 1 - 1, -y*n + 5 = -2*l. Is (-1)/n + (-3860)/(-15) prime?
True
Suppose 0 = -4*s + 9 + 11. Suppose -3*y + 57 = -4*g, 7*g + 100 = s*y + 2*g. Suppose -y - 102 = -5*v. Is v a composite number?
True
Suppose 2*v - 38 = -5*x, -v - x = -6*x + 11. Let j be (v + -4)/((-3)/(-105)). Suppose 0*n - j = -5*n. Is n a composite number?
True
Suppose -3*c + 24 = 9. Suppose -c*t + t - f + 43 = 0, -5*t + 59 = 3*f. Is t a prime number?
False
Let l(v) = 1651*v**3 + v**2 + v - 2. Let f(w) = 3*w - 14. Let m be f(5). Is l(m) composite?
True
Suppose 7 - 15 = -2*y. Suppose 6*w = y*w + 4. Suppose w*n + 152 = 6*n. Is n composite?
True
Suppose -y - 755 = 4*y + 5*m, -y - 3*m = 157. Let x = y - -297. Is x prime?
True
Suppose -8*k + 132 = -4*k. Suppose -4*u - 76 = i, 6*u + 3*i = u - 88. Let v = k - u. Is v a prime number?
True
Let p(s) = -s**3 - 9*s**2 